{"id":206,"date":"2026-04-10T13:06:59","date_gmt":"2026-04-10T11:06:59","guid":{"rendered":"https:\/\/biuro-atut.pl\/?page_id=206"},"modified":"2026-04-13T21:56:22","modified_gmt":"2026-04-13T19:56:22","slug":"fundusze-unijne","status":"publish","type":"page","link":"https:\/\/biuro-atut.pl\/index.php\/fundusze-unijne\/","title":{"rendered":"Fundusze Unijne"},"content":{"rendered":"\t\t<div data-elementor-type=\"wp-page\" data-elementor-id=\"206\" class=\"elementor elementor-206\">\n\t\t\t\t\t\t<section class=\"elementor-section elementor-top-section elementor-element elementor-element-70f94874 elementor-section-boxed elementor-section-height-default elementor-section-height-default\" data-id=\"70f94874\" data-element_type=\"section\" data-e-type=\"section\">\n\t\t\t\t\t\t<div class=\"elementor-container elementor-column-gap-default\">\n\t\t\t\t\t<div class=\"elementor-column elementor-col-100 elementor-top-column elementor-element elementor-element-46c283b\" data-id=\"46c283b\" data-element_type=\"column\" data-e-type=\"column\">\n\t\t\t<div class=\"elementor-widget-wrap elementor-element-populated\">\n\t\t\t\t\t\t<div class=\"elementor-element elementor-element-47cf5e5a elementor-widget elementor-widget-text-editor\" data-id=\"47cf5e5a\" data-element_type=\"widget\" data-e-type=\"widget\" data-widget_type=\"text-editor.default\">\n\t\t\t\t<div class=\"elementor-widget-container\">\n\t\t\t\t\t\t\t\t\t<figure><\/figure>\n<figure><\/figure>\n<figure class=\"wp-block-image size-full\"><img fetchpriority=\"high\" decoding=\"async\" width=\"977\" height=\"79\" class=\"wp-image-207\" src=\"https:\/\/biuro-atut.pl\/wp-content\/uploads\/2026\/04\/logo_FEPK_7.08-1.png\" alt=\"\" srcset=\"https:\/\/biuro-atut.pl\/wp-content\/uploads\/2026\/04\/logo_FEPK_7.08-1.png 977w, https:\/\/biuro-atut.pl\/wp-content\/uploads\/2026\/04\/logo_FEPK_7.08-1-300x24.png 300w, https:\/\/biuro-atut.pl\/wp-content\/uploads\/2026\/04\/logo_FEPK_7.08-1-768x62.png 768w\" sizes=\"(max-width: 977px) 100vw, 977px\" \/><\/figure>\n<p><!-- \/wp:image --><!-- wp:paragraph --><\/p>\n<p><!-- \/wp:paragraph --><!-- wp:paragraph --><\/p>\n<p><!-- \/wp:paragraph --><!-- wp:paragraph {\"fontSize\":\"medium\"} --><\/p>\n<p class=\"has-medium-font-size\"><strong>Agnieszka Za\u0142uska Biuro Rachunkowe \u201eATUT\u201d<\/strong> uzyska\u0142o dotacj\u0119 z&nbsp;Unii Europejskiej&nbsp;<\/p>\n<p class=\"has-medium-font-size\">na projekt <strong>\u201eATUT z my\u015bl\u0105 o ludziach i \u015brodowisku\u201d.<\/strong><\/p>\n<p><!-- \/wp:paragraph --><!-- wp:paragraph --><\/p>\n<p>G\u0142\u00f3wnym celem projektu jest adaptacja \u015brodowiska pracy dla poszczeg\u00f3lnych grup pracownik\u00f3w, w tym upowszechnienie zachowa\u0144 proekologicznych w przedsi\u0119biorstwie.<\/p>\n<p><!-- \/wp:paragraph --><!-- wp:paragraph --><\/p>\n<p>Projekt zak\u0142ada obj\u0119cie indywidualnym, zgodnym z zakresem diagnozy i dostosowanym do potrzeb poszczeg\u00f3lnych grup pracownik\u00f3w wsparciem siedziby pracodawcy&nbsp;i jego 8 pracownik\u00f3w, w tym 7 kobiet. W ramach projektu zostanie opracowany i wdro\u017cony plan przeciwdzia\u0142ania wypaleniu zawodowemu i integracji mi\u0119dzypokoleniowej, przygotowane zostan\u0105 za\u0142o\u017cenia zielonej polityki firmy. Zostan\u0105 zakupione urz\u0105dzenia i sprz\u0119t maj\u0105ce na celu popraw\u0119 \u015brodowiska pracy.<\/p>\n<p><!-- \/wp:paragraph --><!-- wp:paragraph --><\/p>\n<p>Warto\u015b\u0107 projektu: 728 431,25 z\u0142<\/p>\n<p><!-- \/wp:paragraph --><!-- wp:paragraph --><\/p>\n<p>Wysoko\u015b\u0107 wk\u0142adu z&nbsp;Funduszy Europejskich: 619 166,56 z\u0142<\/p>\n<p><!-- \/wp:paragraph --><!-- wp:paragraph --><\/p>\n<p><a href=\"https:\/\/www.google.com\/search?q=%23FunduszeEuropejskie&amp;sca_esv=5165f524d4a2def2&amp;sxsrf=AE3TifMwiM4syjEsV9M5yAGz56NIwyG1KA%3A1751451955755&amp;ei=MwllaJ7rLaem1fIPn4_piQU&amp;ved=0ahUKEwje0Kf9-p2OAxUnU1UIHZ9HOlEQ4dUDCBA&amp;uact=5&amp;oq=%23FunduszeEuropejskie&amp;gs_lp=Egxnd3Mtd2l6LXNlcnAiFCNGdW5kdXN6ZUV1cm9wZWpza2llMgUQABiABDIEEAAYHjIEEAAYHjIEEAAYHjIEEAAYHjIGEAAYChgeMggQABiiBBiJBTIIEAAYgAQYogQyCBAAGIAEGKIEMggQABiiBBiJBUiaAVAAWABwAHgBkAEAmAFcoAFcqgEBMbgBA8gBAPgBAvgBAZgCAaACZZgDAJIHAzAuMaAHgAayBwMwLjG4B2XCBwMyLTHIBwc&amp;sclient=gws-wiz-serp\">#FunduszeEuropejskie<\/a><\/p>\n<p><\/p>\n<p>&#8212;&#8212;&#8212;&#8212;&#8212;&#8212;&#8212;&#8212;&#8212;&#8212;&#8212;&#8212;&#8212;&#8212;&#8212;&#8212;&#8212;&#8212;&#8212;&#8212;&#8212;&#8212;&#8212;&#8212;&#8212;&#8212;&#8212;&#8212;&#8212;&#8212;&#8212;&#8212;&#8212;&#8212;&#8212;&#8212;&#8212;&#8212;&#8212;&#8212;&#8212;&#8212;&#8212;&#8212;&#8212;&#8212;&#8212;&#8212;&#8212;&#8212;&#8212;&#8212;&#8212;&#8212;&#8212;&#8212;&#8212;&#8212;&#8212;&#8212;&#8212;&#8212;&#8212;&#8212;&#8212;&#8212;&#8212;&#8212;&#8212;&#8212;&#8212;&#8212;&#8211;<\/p>\n<p>W dniu 7-04-2026r zatwierdzony zosta\u0142 Regulamin Rekrutacji i Uczestnictwa w projekcie.<\/p>\n<p>Regulamin &#8211; <a href=\"https:\/\/biuro-atut.pl\/wp-content\/uploads\/2026\/04\/regulamin-ok.pdf\">pobierz<\/a><\/p>\n<p><\/p>\n<p><!-- \/wp:paragraph --><\/p>\t\t\t\t\t\t\t\t<\/div>\n\t\t\t\t<\/div>\n\t\t\t\t\t<\/div>\n\t\t<\/div>\n\t\t\t\t\t<\/div>\n\t\t<\/section>\n\t\t\t\t<section class=\"elementor-section elementor-top-section elementor-element elementor-element-754c2c5 elementor-section-boxed elementor-section-height-default elementor-section-height-default\" data-id=\"754c2c5\" data-element_type=\"section\" data-e-type=\"section\">\n\t\t\t\t\t\t<div class=\"elementor-container elementor-column-gap-default\">\n\t\t\t\t\t<div class=\"elementor-column elementor-col-100 elementor-top-column elementor-element elementor-element-2dd6960\" data-id=\"2dd6960\" data-element_type=\"column\" data-e-type=\"column\">\n\t\t\t<div class=\"elementor-widget-wrap\">\n\t\t\t\t\t\t\t<\/div>\n\t\t<\/div>\n\t\t\t\t\t<\/div>\n\t\t<\/section>\n\t\t\t\t<\/div>\n\t\t","protected":false},"excerpt":{"rendered":"<p>Agnieszka Za\u0142uska Biuro Rachunkowe \u201eATUT\u201d uzyska\u0142o dotacj\u0119 z&nbsp;Unii Europejskiej&nbsp; na projekt \u201eATUT z my\u015bl\u0105 o ludziach i \u015brodowisku\u201d. G\u0142\u00f3wnym celem projektu jest adaptacja \u015brodowiska pracy dla poszczeg\u00f3lnych grup pracownik\u00f3w, w tym upowszechnienie zachowa\u0144 proekologicznych w przedsi\u0119biorstwie. Projekt zak\u0142ada obj\u0119cie indywidualnym, zgodnym z zakresem diagnozy i dostosowanym do potrzeb poszczeg\u00f3lnych grup pracownik\u00f3w wsparciem siedziby pracodawcy&nbsp;i jego [&hellip;]<\/p>\n","protected":false},"author":1,"featured_media":0,"parent":0,"menu_order":0,"comment_status":"closed","ping_status":"closed","template":"","meta":{"ocean_post_layout":"full-screen","ocean_both_sidebars_style":"","ocean_both_sidebars_content_width":0,"ocean_both_sidebars_sidebars_width":0,"ocean_sidebar":"0","ocean_second_sidebar":"0","ocean_disable_margins":"enable","ocean_add_body_class":"","ocean_shortcode_before_top_bar":"","ocean_shortcode_after_top_bar":"","ocean_shortcode_before_header":"","ocean_shortcode_after_header":"","ocean_has_shortcode":"","ocean_shortcode_after_title":"","ocean_shortcode_before_footer_widgets":"","ocean_shortcode_after_footer_widgets":"","ocean_shortcode_before_footer_bottom":"","ocean_shortcode_after_footer_bottom":"","ocean_display_top_bar":"off","ocean_display_header":"default","ocean_header_style":"","ocean_center_header_left_menu":"0","ocean_custom_header_template":"0","ocean_custom_logo":0,"ocean_custom_retina_logo":0,"ocean_custom_logo_max_width":0,"ocean_custom_logo_tablet_max_width":0,"ocean_custom_logo_mobile_max_width":0,"ocean_custom_logo_max_height":0,"ocean_custom_logo_tablet_max_height":0,"ocean_custom_logo_mobile_max_height":0,"ocean_header_custom_menu":"0","ocean_menu_typo_font_family":"0","ocean_menu_typo_font_subset":"","ocean_menu_typo_font_size":0,"ocean_menu_typo_font_size_tablet":0,"ocean_menu_typo_font_size_mobile":0,"ocean_menu_typo_font_size_unit":"px","ocean_menu_typo_font_weight":"","ocean_menu_typo_font_weight_tablet":"","ocean_menu_typo_font_weight_mobile":"","ocean_menu_typo_transform":"","ocean_menu_typo_transform_tablet":"","ocean_menu_typo_transform_mobile":"","ocean_menu_typo_line_height":0,"ocean_menu_typo_line_height_tablet":0,"ocean_menu_typo_line_height_mobile":0,"ocean_menu_typo_line_height_unit":"","ocean_menu_typo_spacing":0,"ocean_menu_typo_spacing_tablet":0,"ocean_menu_typo_spacing_mobile":0,"ocean_menu_typo_spacing_unit":"","ocean_menu_link_color":"","ocean_menu_link_color_hover":"","ocean_menu_link_color_active":"","ocean_menu_link_background":"","ocean_menu_link_hover_background":"","ocean_menu_link_active_background":"","ocean_menu_social_links_bg":"","ocean_menu_social_hover_links_bg":"","ocean_menu_social_links_color":"","ocean_menu_social_hover_links_color":"","ocean_disable_title":"default","ocean_disable_heading":"default","ocean_post_title":"","ocean_post_subheading":"","ocean_post_title_style":"","ocean_post_title_background_color":"","ocean_post_title_background":0,"ocean_post_title_bg_image_position":"","ocean_post_title_bg_image_attachment":"","ocean_post_title_bg_image_repeat":"","ocean_post_title_bg_image_size":"","ocean_post_title_height":0,"ocean_post_title_bg_overlay":0.5,"ocean_post_title_bg_overlay_color":"","ocean_disable_breadcrumbs":"default","ocean_breadcrumbs_color":"","ocean_breadcrumbs_separator_color":"","ocean_breadcrumbs_links_color":"","ocean_breadcrumbs_links_hover_color":"","ocean_display_footer_widgets":"off","ocean_display_footer_bottom":"off","ocean_custom_footer_template":"0","footnotes":""},"class_list":["post-206","page","type-page","status-publish","hentry","entry"],"_links":{"self":[{"href":"https:\/\/biuro-atut.pl\/index.php\/wp-json\/wp\/v2\/pages\/206","targetHints":{"allow":["GET"]}}],"collection":[{"href":"https:\/\/biuro-atut.pl\/index.php\/wp-json\/wp\/v2\/pages"}],"about":[{"href":"https:\/\/biuro-atut.pl\/index.php\/wp-json\/wp\/v2\/types\/page"}],"author":[{"embeddable":true,"href":"https:\/\/biuro-atut.pl\/index.php\/wp-json\/wp\/v2\/users\/1"}],"replies":[{"embeddable":true,"href":"https:\/\/biuro-atut.pl\/index.php\/wp-json\/wp\/v2\/comments?post=206"}],"version-history":[{"count":10,"href":"https:\/\/biuro-atut.pl\/index.php\/wp-json\/wp\/v2\/pages\/206\/revisions"}],"predecessor-version":[{"id":229,"href":"https:\/\/biuro-atut.pl\/index.php\/wp-json\/wp\/v2\/pages\/206\/revisions\/229"}],"wp:attachment":[{"href":"https:\/\/biuro-atut.pl\/index.php\/wp-json\/wp\/v2\/media?parent=206"}],"curies":[{"name":"wp","href":"https:\/\/api.w.org\/{rel}","templated":true}]}}